9) to base 14
ab
12 (base 8) to base 4
22
1 (base 8) to base 14
1
1010 (base 2) to base 14
a
-124 (base 7) to base 13
-52
Convert -cb (base 13) to base 14.
-bd
1221 (base 3) to base 8
64
What is 9 (base 16) in base 8?
11
What is 39 (base 10) in base 4?
213
What is 49 (base 13) in base 14?
45
What is -3 (base 4) in base 2?
-11
What is -121 (base 3) in base 14?
-12
What is 1321 (base 4) in base 6?
321
What is 39 (base 16) in base 13?
45
What is 1a1 (base 12) in base 8?
411
-40 (base 6) to base 11
-22
-c8 (base 15) to base 14
-d6
-3 (base 12) to base 16
-3
What is -2 (base 6) in base 7?
-2
Convert 39 (base 12) to base 8.
55
Convert 0 (base 6) to base 14.
0
What is 23 (base 4) in base 15?
b
What is 16 (base 9) in base 7?
21
What is -4 (base 6) in base 5?
-4
Convert 58 (base 11) to base 12.
53
Convert -7 (base 15) to base 9.
-7
Convert 0 (base 16) to base 4.
0
What is 14 (base 11) in base 3?
120
Convert 11 (base 13) to base 12.
12
What is 10 (base 9) in base 11?
9
-17 (base 10) to base 15
-12
-5 (base 10) to base 11
-5
-10 (base 8) to base 15
-8
Convert -13 (base 5) to base 11.
-8
-302 (base 4) to base 9
-55
What is 1 (base 10) in base 2?
1
What is -111 (base 4) in base 6?
-33
3 (base 10) to base 12
3
Convert -2 (base 7) to base 16.
-2
-2 (base 12) to base 6
-2
Convert -c (base 15) to base 5.
-22
Convert 211 (base 7) to base 2.
1101010
Convert 126 (base 8) to base 2.
1010110
What is 1 (base 13) in base 10?
1
Convert 3 (base 4) to base 8.
3
Convert 32 (base 10) to base 14.
24
What is 11 (base 2) in base 13?
3
Convert -16 (base 16) to base 8.
-26
Convert -86 (base 15) to base 14.
-90
What is 14 (base 5) in base 15?
9
124 (base 5) to base 16
27
What is -100 (base 5) in base 7?
-34
-a (base 16) to base 7
-13
-3 (base 9) to base 4
-3
Convert -132 (base 5) to base 3.
-1120
What is 48 (base 13) in base 15?
40
-128 (base 10) to base 8
-200
9 (base 13) to base 4
21
Convert 101 (base 5) to base 7.
35
What is -10 (base 15) in base 10?
-15
What is -102 (base 4) in base 2?
-10010
What is -11 (base 12) in base 2?
-1101
What is -14 (base 8) in base 7?
-15
What is 410 (base 5) in base 2?
1101001
Convert -d (base 16) to base 3.
-111
What is 40 (base 9) in base 14?
28
12 (base 7) to base 6
13
What is -43 (base 6) in base 9?
-30
-2 (base 7) to base 16
-2
Convert -110101 (base 2) to base 16.
-35
What is 10221 (base 3) in base 14?
78
-15 (base 6) to base 15
-b
Convert 20 (base 6) to base 2.
1100
What is -1101100 (base 2) in base 8?
-154
Convert 326 (base 8) to base 14.
114
What is 1b (base 14) in base 11?
23
What is 5d (base 16) in base 13?
72
What is -4 (base 16) in base 12?
-4
What is -17 (base 14) in base 5?
-41
Convert 16 (base 8) to base 16.
e
Convert 59 (base 12) to base 14.
4d
27 (base 9) to base 15
1a
What is 231 (base 6) in base 15?
61
Convert 25 (base 12) to base 5.
104
Convert 412 (base 7) to base 10.
205
What is 8 (base 14) in base 2?
1000
13 (base 7) to base 5
20
Convert -4 (base 13) to base 2.
-100
14 (base 9) to base 13
10
Convert -4 (base 7) to base 11.
-4
What is -59 (base 14) in base 10?
-79
What is 5 (base 13) in base 4?
11
Convert -19 (base 12) to base 9.
-23
Convert 10100 (base 2) to base 3.
202
3 (base 15) to base 4
3
100 (base 2) to base 9
4
Convert 6 (base 13) to base 9.
6
203 (base 4) to base 10
35
What is -70 (base 8) in base 4?
-320
What is 4 (base 6) in base 2?
100
Convert -52 (base 8) to base 11.
-39
Convert 101111 (base 2) to base 8.
57
-3 (base 8) to base 13
-3
What is 3a (base 11) in base 15?
2d
160 (base 14) to base 12
1b4
Convert 2 (base 7) to base 2.
10
Convert 7 (base 11) to base 7.
10
Convert -1 (base 4) to base 5.
-1
-3 (base 11) to base 6
-3
What is 17 (base 14) in base 12?
19
What is 48 (base 9) in base 7?
62
What is -4 (base 8) in base 11?
-4
21 (base 9) to base 15
14
Convert -11 (base 5) to base 12.
-6
13 (base 11) to base 7
20
5c (base 13) to base 11
70
Convert -15 (base 14) to base 11.
-18
-101 (base 5) to base 8
-32
107 (base 12) to base 11
128
Convert 7 (base 13) to base 16.
7
-16 (base 9) to base 2
-1111
Convert 2413 (base 5) to base 14.
1b8
What is 8 (base 12) in base 6?
12
-11 (base 5) to base 8
-6
Convert 304 (base 5) to base 6.
211
Convert -b (base 12) to base 11.
-10
Convert 0 (base 15) to base 9.
0
Convert -b0 (base 14) to base 10.
-154
7 (base 13) to base 11
7
1111 (base 2) to base 11
14
What is -a (base 11) in base 7?
-13
What is -4 (base 11) in base 3?
-11
Convert -11 (base 13) to base 11.
-13
Convert -101 (base 4) to base 14.
-13
-115 (base 16) to base 8
-425
Convert -2 (base 8) to base 7.
-2
-5 (base 10) to base 6
-5
5 (base 6) to base 2
101
What is 31 (base 8) in base 9?
27
Convert -1001 (base 2) to base 11.
-9
What is -5 (base 14) in base 8?
-5
6 (base 12) to base 9
6
Convert 2 (base 3) to base 16.
2
-3 (base 12) to base 7
-3
-136 (base 8) to base 14
-6a
82 (base 11) to base 13
6c
-1c (base 14) to base 7
-35
0 (base 15) to base 6
0
What is b (base 15) in base 5?
21
Convert -4 (base 14) to base 10.
-4
Convert 121020 (base 3) to base 8.
666
Convert -15 (base 6) to base 14.
-b
-85 (base 11) to base 15
-63
-9 (base 15) to base 10
-9
What is -200 (base 5) in base 2?
-110010
-205 (base 7) to base 8
-147
-3 (base 9) to base 3
-10
What is 0 (base 6) in base 12?
0
24 (base 12) to base 5
103
2 (base 12) to base 16
2
19 (base 16) to base 9
27
Convert -4 (base 14) to base 5.
-4
Convert 5 (base 9) to base 7.
5
What is -1d (base 14) in base 4?
-123
4 (base 15) to base 10
4
What is -503 (base 6) in base 13?
-111
24 (base 7) to base 8
22
Convert -aa (base 12) to base 9.
-154
Convert -21 (base 15) to base 3.
-1011
-d (base 14) to base 2
-1101
What is -10 (base 8) in base 4?
-20
Convert 34 (base 8) to base 2.
11100
Convert -2110 (base 3) to base 11.
-60
What is -3 (base 15) in base 3?
-10
Convert 14 (base 12) to base 6.
24
Convert c (base 15) to base 9.
13
What is -6 (base 14) in base 7?
-6
What is 12 (base 4) in base 15?
6
-11 (base 10) to base 3
-102
What is 10 (base 2) in base 4?
2
-31 (base 13) to base 4
-220
What is -21 (base 15) in base 4?
-133
31 (base 6) to base 8
23
What is -3 (base 5) in base 11?
-3
3 (base 15) to base 14
3
223 (base 7) to base 13
8b
Convert -1 (base 4) to base 5.
-1
54 (base 10) to base 7
105
Convert -1 (base 2) to base 10.
-1
73 (base 13) to base 6
234
Convert -3 (base 8) to base 15.
-3
Convert -3 (base 11) to base 3.
-10
Convert 11 (base 10) to base 12.
b
What is ab (base 16) in base 4?
2223
Convert -4a (base 12) to base 9.
-64
10100 (base 2) to base 15
15
Convert -28 (base 12) to base 16.
-20
4 (base 8) to base 16
4
Convert -48 (base 9) to base 4.
-230
20 (base 9) to base 13
15
-1 (base 6) to base 16
-1
What is 3 (base 12) in base 8?
3
Convert -14 (base 6) to base 10.
-10
What is 155 (base 8) in base 15?
74
Convert -112 (base 7) to base 9.
-64
-c (base 14) to base 3
-110
Convert b (base 12) to base 15.
b
What is 0 (base 10) in base 9?
0
Convert -2 (base 16) to base 12.
-2
What is 6 (base 16) in base 6?
10
What is 52 (base 13) in base 3?
2111
Convert -210 (base 3) to base 5.
-41
Convert 110121 (base 3) to base 10.
340
Convert -4 (base 12) to base 5.
-4
What is -3b (base 13) in base 14?
-38
Convert -5 (base 16) to base 14.
-5
Convert -135 (base 14) to base 13.
-159
What is -234 (base 5) in base 11?
-63
Convert 1000 (base 2) to base 15.
8
What is 92 (base 13) in base 12?
9b
26 (base 7) to base 10
20
21 (base 3) to base 5
12
Convert -4 (base 16) to base 5.
-4
Convert 60 (base 12) to base 3.
2200
22 (base 15) to base 7
44
Convert 463 (base 8) to base 9.
371
What is -1 (base 8) in base 7?
-1
212 (base 3) to base 4
113
What is 44 (base 14) in base 6?
140
100 (base 6) to base 3
1100
What is 2 (base 15) in base 16?
2
Convert -101 (base 2) to base 5.
-10
What is -12 (base 16) in base 12?
-16
Convert -2 (base 6) to base 11.
-2
What is 1 (base 8) in base 10?
1
-145 (base 10) to base 16
-91
What is 12 (base 3) in base 9?
5
Convert -11 (base 2) to base 14.
-3
Convert 3 (base 8) to base 11.
3
Convert 3a (base 15) to base 7.
106
Convert -1 (base 3) to base 10.
-1
-19 (base 11) to base 4
-110
What is 1a (base 12) in base 3?
211
-356 (base 9) to base 3
-101220
1 (base 10) to base 13
1
What is 2003 (base 5) in base 13?
166
-1011110 (base 2) to base 13
-73
What is -1 (base 5) in base 4?
-1
0 (base 6) to base 15
